igit of i?
2
Let q = -12 + 56. What is the units digit of q?
4
Let d(w) be the second derivative of w**3/6 + 2*w**2 - 8*w. Suppose y + 6*n - n + 22 = 0, -4*n - 20 = 0. What is the units digit of d(y)?
7
Let d be 3*-7*(-11 - -10). What is the tens digit of d + ((-24)/(-2))/(-3)?
1
Let q be ((-10)/(-4))/(2/4). Suppose q = 4*o - 3. Suppose 0*s - 4*r = -2*s + 24, 0 = o*s + 5*r + 3. What is the units digit of s?
6
Let a = -6 - -6. Suppose 3 = -3*s - 3*u, a = 2*s + 5*u - 9 + 26. What is the units digit of s?
4
Let y(c) be the first derivative of c**4/4 - 4*c**3/3 + 4*c + 4. Let g be y(4). Suppose g + 11 = 5*t. What is the units digit of t?
3
Let o(c) = -4*c**2 - 1. Let k be o(1). Let m be (-7)/(-35) - (-66)/k. Let a = 23 + m. What is the tens digit of a?
1
Let g = -4 - -1. Let l be 92/16 - g/(-4). Suppose -4*t = -2*m + 4 - 0, 0 = -l*t + 5*m - 15. What is the units digit of t?
1
Suppose -10 - 5 = -3*g. Suppose -8 = -5*s - 3*a, s + 2*a = g*a - 2. What is the units digit of s?
1
Let o(c) = -5*c - 2. Let t be o(-10). Suppose z + 3*z = t. What is the tens digit of z?
1
Suppose -n - 3*m + 8*m + 3 = 0, -4*m - 9 = -3*n. Suppose -2 = d - 3*d + 3*u, n*d - 14 = -u. What is the units digit of d?
4
Suppose 3*d = 4*d - 3. Let r(u) be the first derivative of -u**3/3 + 3*u**2/2 + u - 1. What is the units digit of r(d)?
1
Let g = 369 + -105. What is the tens digit of g?
6
Let i(x) be the third derivative of -4/3*x**3 + 0 + 0*x + 1/12*x**4 - 2*x**2. What is the units digit of i(6)?
4
Suppose -2*w - 3*w = 0. Let v(p) = 1 + p + 5 - 2*p. What is the units digit of v(w)?
6
Let u(n) = -4*n - 2*n**2 + 3*n**2 + 13*n. Let g be u(-7). Let y = g + 27. What is the tens digit of y?
1
What is the units digit of ((-14)/42)/(2/(-6))?
1
Let b(p) = p**2 - 2*p + 3. Let h be b(-5). Suppose 0 = -3*x + 2*w + h, -4*w = x + w - 41. What is the tens digit of x?
1
What is the units digit of (-16*1)/(-4) - -90?
4
Let f(x) = x - 4. Let b be f(8). Suppose -135 = -b*o - o. What is the tens digit of o?
2
Suppose 0 = -2*z - z + 177. What is the units digit of z?
9
Suppose 7*q + 0 - 21 = 0. What is the units digit of (207/6)/(q/4)?
6
Suppose -2*r = 3*y + 5, y - 2*r + 3 = -4. Suppose 15 = 3*s - 0. Let i = s + y. What is the units digit of i?
2
Let i be -38*((-3)/(-2))/(-3). Let d be ((-2)/(-3))/(4/18). Suppose 0 = d*v + 1 - i. What is the units digit of v?
6
Let u = 18 + 12. What is the tens digit of u?
3
Let a(f) = 5*f - 4. Let d(m) = 14*m - 12. Let z(s) = 17*a(s) - 6*d(s). What is the units digit of z(3)?
7
Suppose g - 3 = -4*c, 3*c + 2*g = -g + 9. Suppose c = 10*z - 5*z - 190. What is the tens digit of z?
3
Suppose -6*t + 515 = -289. What is the hundreds digit of t?
1
Let v(a) = a**2 + 12*a - 18. Let b be v(-16). Let c = b + -13. What is the tens digit of c?
3
Let k = 52 - 16. What is the units digit of k?
6
Suppose -287 = -3*g + 28. Suppose -4*r + g = r. What is the tens digit of r?
2
Suppose 0 = y - 1. Suppose -4 = 3*z - y. What is the units digit of (z + 0)/(5/(-25))?
5
Suppose -5*o = -2*u - 123, -2*u - 84 = 3*o - 1. Let i = -35 - u. What is the units digit of i?
4
Suppose 4*g = 22 + 82. What is the units digit of g?
6
Suppose 0*q + q = -z + 3, 2*q - 2*z - 6 = 0. Let d be -11*((1 - q) + 1). What is the units digit of d/9 + (-2)/9?
1
Let u = 6 - -12. What is the units digit of u?
8
Suppose 2*g - 18 = -2*g + m, 0 = 4*g + 3*m - 10. What is the units digit of g?
4
Let t(l) = l**3 - 18*l**2 + 5*l + 20. What is the tens digit of t(18)?
1
Suppose h - 48 = 4*v, 3*h = -2*h. What is the tens digit of (-102)/5*30/v?
5
Let d = -18 - -20. Let u = d + 36. What is the tens digit of u?
3
Suppose 4*x = -3*t + 2*t - 4, -5*t + 3*x + 26 = 0. Let l be -14 - (4 - 20)/4. What is the units digit of (l/(-6))/(t/12)?
5
Suppose 4*a + 5 = 61. Let o = a + -8. Suppose -14 = -4*i - 3*k, 1 = -3*i - 5*k + o. What is the units digit of i?
5
Let g be (15/10)/(1/(-2)). Let y = 10 + g. Suppose 0 = -y*j + 3*j + 44. What is the units digit of j?
1
Suppose -h = 5*j + 15, -2*h = h + 4*j + 1. Let d be (-14)/h*15/(-3). Let l = 23 - d. What is the units digit of l?
9
Let q(u) = -u + 20. Let k be q(9). What is the units digit of 4/26 - k/(-13)?
1
Let l(w) = -6*w + 2. Let t be l(-1). Suppose 3*c - 3 = 6. Suppose 0 = h + c*h - t. What is the units digit of h?
2
Suppose 4*f + 36 = 4*y - y, 0 = -4*f - 3*y - 12. Let j(o) = -o**3 - 5*o**2 + 6*o + 4. Let q be j(f). Suppose 0 = -q*t + 41 - 13. What is the units digit of t?
7
Let h = 19 + 9. Let v(t) = t**2 - t - 1. Let d be v(3). Suppose d*n + h = 93. What is the units digit of n?
3
Let i(t) = 2*t**2 - 4*t - 1. Suppose -7*r - 19 = 2*s - 2*r, 5*r = -25. Suppose 5*p - 14 = 4*h - 1, s*h - 14 = -p. What is the units digit of i(h)?
5
Let f(j) = 2*j**2 - 4*j + 2. Let u be f(6). Suppose u - 5 = 3*l. What is the units digit of l?
5
Suppose -3*u = -156 + 33. What is the units digit of u?
1
Let g = -95 - -167. What is the units digit of g?
2
What is the units digit of 10*1*(165/(-6))/(-5)?
5
Let b be -1 - (-4)/2 - 0. Let o = 6 + -6. Let h = b + o. What is the units digit of h?
1
What is the units digit of (-68)/(-10) + (-8)/10?
6
Suppose -3*m = 2*m - 10. Suppose -x - 7 = -2*b, m*b - 5 = -2*b + 5*x. Suppose 0 = -6*y + b*y + 20. What is the tens digit of y?
2
Let y = -18 + 60. What is the tens digit of y?
4
Let c(b) = -b**3 + 10*b**2 - 9*b - 4. Let v be c(8). Suppose -2*h = -6*h + v. What is the tens digit of h?
1
Let r = 0 + 0. Let w(d) = -d**2 + 8*d + 10. Let q be w(7). Suppose 3*o + 33 = 6*o + 3*u, r = o - 5*u - q. What is the units digit of o?
2
Let s be (-5 - (-3 - -3))/1. Let g be 27/(-4) + 2/(-8). Let o = s - g. What is the units digit of o?
2
Let l be (-10)/35 - 30/(-7). Suppose l*n + 9 = 25. What is the units digit of n?
4
Let d(u) = u**3 + u**2 - 7*u - 5. What is the units digit of d(4)?
7
Let x be 8/20 + 4/(-10). Suppose 3*u = -3*g + 33, -4*g + 0*u + 3*u + 51 = x. What is the units digit of g?
2
Let r be (-1 - -1)/(-1 + -1). Suppose 0 = 4*l - x - 31, 2*l + r = x + 13. What is the units digit of l?
9
Let r(k) = -k**3 - 5*k**2 - 3*k - 5. Suppose p = -l - 7, -p = 7*l - 4*l + 17. What is the tens digit of r(l)?
1
Let h(d) = 5*d. Let g be h(1). Let c(w) = w**2 - 8*w. Let i be c(g). What is the units digit of (-20)/(-6) - (-5)/i?
3
Suppose 4*h = 2*h + 492. What is the units digit of h?
6
Let z = 135 + 29. What is the units digit of z?
4
Let a(p) = 2*p**2 + 3*p + 1. Let z be a(-2). Suppose -y - 4 = -3*y - 2*i, 0 = -y - z*i. What is the units digit of y?
3
What is the units digit of (35/(-2))/((-15)/30)?
5
Let v(u) = 4*u - 19. Let w be v(12). Suppose 5*q - 26 - w = 0. What is the tens digit of q?
1
Let y = -35 + 71. What is the units digit of y?
6
Let g(r) be the first derivative of -r**3/3 - 2*r**2 + 2*r + 1. Let j be g(-3). Suppose -j*m + 3*p = -2*p - 20, -7 = -m + 4*p. What is the units digit of m?
3
Suppose 2*j - 5 = 3*j. Let p(t) = t + 5. Let k be p(j). Suppose -4*a - 12 = k, -3*v + 35 + 34 = -2*a. What is the tens digit of v?
2
Suppose z = -5*i - 88, 2*i + 2*z = -45 + 13. Let v = i + 29. What is the tens digit of v?
1
Let z(y) = -8*y - 4. Let i be z(-1). Let q be (-24 + 0)*(-3)/6. Suppose 5*n - 5*s - 45 = 0, i*n - 51 = s - q. What is the tens digit of n?
1
Suppose 3*j - 10 - 9 = -g, -2*g + 2*j = -6. Let l = g + 5. What is the units digit of l?
2
Let i(h) = 3*h**3 - 3*h**2 + 3*h - 3. Let q(r) = r**3 + 6*r**2 + 3*r - 8. Let s be q(-5). What is the units digit of i(s)?
5
Suppose u - 49 = -16. What is the tens digit of u?
3
Let o(g) be the first derivative of -g**2/2 + 4*g + 1. Let t be o(0). Let u = -1 + t. What is the units digit of u?
3
Let g = -49 - -102. What is the tens digit of g?
5
Let x be 3/6*-2*-1. Let d be 2 - (0 - -2 - x). Suppose -d = -4*p + 27. What is the units digit of p?
7
Suppose -7 = f + 2*t - 20, 4*f - 4*t - 52 = 0. Let a = 21 - f. What is the units digit of a?
8
Let n = 15 - 12. What is the units digit of 3 + (-4)/12*n?
2
Let u(y) = 22*y**3 + 2*y**2 - 6*y + 13. What is the hundreds digit of u(2)?
1
Let v(y) = -9*y + 3*y**2 - 1 + 5*y - 2*y**2. Let t be v(5). Suppose 2*n = -q - 0*n - 1, -3*q - t*n + 1 = 0. What is the units digit of q?
3
Suppose -3 = -3*u - 4*w, -2*u + 0*w + 13 = -w. Let b be 8 + 2 + -5 - -3. Suppose 37 + b = u*n. What is the units digit of n?
9
Suppose -4 = -3